{"id":617,"date":"2022-01-19T14:17:34","date_gmt":"2022-01-19T14:17:34","guid":{"rendered":"https:\/\/vianima.net\/?page_id=617"},"modified":"2022-03-03T14:41:42","modified_gmt":"2022-03-03T14:41:42","slug":"aschenputtel-steigt-aus","status":"publish","type":"page","link":"https:\/\/vianima.net\/?page_id=617","title":{"rendered":"Aschenputtel steigt aus"},"content":{"rendered":"\t\t<div data-elementor-type=\"wp-page\" data-elementor-id=\"617\" class=\"elementor elementor-617\">\n\t\t\t\t\t\t<section class=\"elementor-section elementor-top-section elementor-element elementor-element-d34a2e9 elementor-section-boxed elementor-section-height-default elementor-section-height-default\" data-id=\"d34a2e9\" data-element_type=\"section\" data-e-type=\"section\">\n\t\t\t\t\t\t<div class=\"elementor-container elementor-column-gap-default\">\n\t\t\t\t\t<div class=\"elementor-column elementor-col-100 elementor-top-column elementor-element elementor-element-521a52c\" data-id=\"521a52c\" data-element_type=\"column\" data-e-type=\"column\">\n\t\t\t<div class=\"elementor-widget-wrap elementor-element-populated\">\n\t\t\t\t\t\t<div class=\"elementor-element elementor-element-c24aed1 elementor-widget elementor-widget-spacer\" data-id=\"c24aed1\" data-element_type=\"widget\" data-e-type=\"widget\" data-widget_type=\"spacer.default\">\n\t\t\t\t<div class=\"elementor-widget-container\">\n\t\t\t\t\t\t\t<div class=\"elementor-spacer\">\n\t\t\t<div class=\"elementor-spacer-inner\"><\/div>\n\t\t<\/div>\n\t\t\t\t\t\t<\/div>\n\t\t\t\t<\/div>\n\t\t\t\t\t<\/div>\n\t\t<\/div>\n\t\t\t\t\t<\/div>\n\t\t<\/section>\n\t\t\t\t<section class=\"elementor-section elementor-top-section elementor-element elementor-element-1c470cb elementor-section-boxed elementor-section-height-default elementor-section-height-default\" data-id=\"1c470cb\" data-element_type=\"section\" data-e-type=\"section\">\n\t\t\t\t\t\t<div class=\"elementor-container elementor-column-gap-default\">\n\t\t\t\t\t<div class=\"elementor-column elementor-col-100 elementor-top-column elementor-element elementor-element-3181475\" data-id=\"3181475\" data-element_type=\"column\" data-e-type=\"column\">\n\t\t\t<div class=\"elementor-widget-wrap elementor-element-populated\">\n\t\t\t\t\t\t<div class=\"elementor-element elementor-element-499eed3 elementor-widget elementor-widget-heading\" data-id=\"499eed3\" data-element_type=\"widget\" data-e-type=\"widget\" data-widget_type=\"heading.default\">\n\t\t\t\t<div class=\"elementor-widget-container\">\n\t\t\t\t\t<h4 class=\"elementor-heading-title elementor-size-default\">Workshop zur Wahrnehmung eigener Bed\u00fcrfnisse<\/h4>\t\t\t\t<\/div>\n\t\t\t\t<\/div>\n\t\t\t\t\t<\/div>\n\t\t<\/div>\n\t\t\t\t\t<\/div>\n\t\t<\/section>\n\t\t\t\t<section class=\"elementor-section elementor-top-section elementor-element elementor-element-88f65f6 elementor-section-boxed elementor-section-height-default elementor-section-height-default\" data-id=\"88f65f6\" data-element_type=\"section\" data-e-type=\"section\">\n\t\t\t\t\t\t<div class=\"elementor-container elementor-column-gap-default\">\n\t\t\t\t\t<div class=\"elementor-column elementor-col-50 elementor-top-column elementor-element elementor-element-b5a8c14\" data-id=\"b5a8c14\" data-element_type=\"column\" data-e-type=\"column\">\n\t\t\t<div class=\"elementor-widget-wrap elementor-element-populated\">\n\t\t\t\t\t\t<div class=\"elementor-element elementor-element-1fef894 elementor-widget elementor-widget-text-editor\" data-id=\"1fef894\" data-element_type=\"widget\" data-e-type=\"widget\" data-widget_type=\"text-editor.default\">\n\t\t\t\t<div class=\"elementor-widget-container\">\n\t\t\t\t\t\t\t\t\t<h5>Unser Workshop richtet sich an Frauen, die ihre eigenen Lebensimpulse, W\u00fcnsche und Bed\u00fcrfnisse wenig wahrnehmen oder immer wieder zur\u00fcckstellen und ihre Aufmerksamkeit stattdessen auf das Wohlergehen der Menschen in ihrem Umfeld ausrichten.<\/h5><div><p>Am Wochenende vom 8. &#8211; 10. April 2022 erforschen wir eigene Bed\u00fcrfnisse und gehen Situationen auf den Grund, in denen wir andere wichtiger nehmen als uns selbst. <\/p><p>In einer kleinen Gruppe haben wir Gelegenheit, urspr\u00fcnglichen Verletzungen, die f\u00fcr dieses Verhaltensmuster verantwortlich sind, behutsam auf die Spur zu kommen. Dabei lernen wir bislang versteckte Anteile von uns selbst kennen und \u00f6ffnen uns f\u00fcr neue Perspektiven und alternative Handlungsm\u00f6glichkeiten.<\/p><p>F\u00fcr diese Auseinandersetzung mit sich selbst bietet die Gruppe einen sicheren Ort von Verbundenheit, Respekt, gegenseitiger Herausforderung und Unterst\u00fctzung. Wir arbeiten mit kreativen, intuitiven und k\u00f6rperbezogenen Methoden, die den Prozess mit Leichtigkeit und Freude begleiten.<\/p><\/div>\t\t\t\t\t\t\t\t<\/div>\n\t\t\t\t<\/div>\n\t\t\t\t\t<\/div>\n\t\t<\/div>\n\t\t\t\t<div class=\"elementor-column elementor-col-50 elementor-top-column elementor-element elementor-element-3067201\" data-id=\"3067201\" data-element_type=\"column\" data-e-type=\"column\">\n\t\t\t<div class=\"elementor-widget-wrap elementor-element-populated\">\n\t\t\t\t\t\t<div class=\"elementor-element elementor-element-e88ddea elementor-widget elementor-widget-image\" data-id=\"e88ddea\" data-element_type=\"widget\" data-e-type=\"widget\" data-widget_type=\"image.default\">\n\t\t\t\t<div class=\"elementor-widget-container\">\n\t\t\t\t\t\t\t\t\t\t\t\t\t\t\t<img fetchpriority=\"high\" decoding=\"async\" width=\"480\" height=\"696\" src=\"https:\/\/vianima.net\/wp-content\/uploads\/2022\/02\/Aschenputtel020222.jpg\" class=\"attachment-medium_large size-medium_large wp-image-1011\" alt=\"Aschenputtel steigt aus\" srcset=\"https:\/\/vianima.net\/wp-content\/uploads\/2022\/02\/Aschenputtel020222.jpg 480w, https:\/\/vianima.net\/wp-content\/uploads\/2022\/02\/Aschenputtel020222-207x300.jpg 207w\" sizes=\"(max-width: 480px) 100vw, 480px\" \/>\t\t\t\t\t\t\t\t\t\t\t\t\t\t\t<\/div>\n\t\t\t\t<\/div>\n\t\t\t\t\t<\/div>\n\t\t<\/div>\n\t\t\t\t\t<\/div>\n\t\t<\/section>\n\t\t\t\t<section class=\"elementor-section elementor-top-section elementor-element elementor-element-d66005e elementor-section-boxed elementor-section-height-default elementor-section-height-default\" data-id=\"d66005e\" data-element_type=\"section\" data-e-type=\"section\">\n\t\t\t\t\t\t<div class=\"elementor-container elementor-column-gap-default\">\n\t\t\t\t\t<div class=\"elementor-column elementor-col-33 elementor-top-column elementor-element elementor-element-7927db7\" data-id=\"7927db7\" data-element_type=\"column\" data-e-type=\"column\">\n\t\t\t<div class=\"elementor-widget-wrap elementor-element-populated\">\n\t\t\t\t\t\t<div class=\"elementor-element elementor-element-072d0af elementor-widget elementor-widget-text-editor\" data-id=\"072d0af\" data-element_type=\"widget\" data-e-type=\"widget\" data-widget_type=\"text-editor.default\">\n\t\t\t\t<div class=\"elementor-widget-container\">\n\t\t\t\t\t\t\t\t\t<p><strong>Termin<\/strong><\/p>\n<p>Freitag, 8. April &#8211; Sonntag, 10. April 2022<\/p><p>Winterthur\/ Schweiz<br><\/p>\t\t\t\t\t\t\t\t<\/div>\n\t\t\t\t<\/div>\n\t\t\t\t\t<\/div>\n\t\t<\/div>\n\t\t\t\t<div class=\"elementor-column elementor-col-33 elementor-top-column elementor-element elementor-element-9cc08d7\" data-id=\"9cc08d7\" data-element_type=\"column\" data-e-type=\"column\">\n\t\t\t<div class=\"elementor-widget-wrap elementor-element-populated\">\n\t\t\t\t\t\t<div class=\"elementor-element elementor-element-d169143 elementor-widget elementor-widget-text-editor\" data-id=\"d169143\" data-element_type=\"widget\" data-e-type=\"widget\" data-widget_type=\"text-editor.default\">\n\t\t\t\t<div class=\"elementor-widget-container\">\n\t\t\t\t\t\t\t\t\t<p><strong>Zeiten<\/strong><\/p><ul><li>Freitag 17.00 \u2013 20.00 Uhr<\/li><li>Samstag 10.00 \u2013 18.00 Uhr<\/li><li>Sonntag 10.00 \u2013 15.00 Uhr<\/li><\/ul>\t\t\t\t\t\t\t\t<\/div>\n\t\t\t\t<\/div>\n\t\t\t\t\t<\/div>\n\t\t<\/div>\n\t\t\t\t<div class=\"elementor-column elementor-col-33 elementor-top-column elementor-element elementor-element-636664f\" data-id=\"636664f\" data-element_type=\"column\" data-e-type=\"column\">\n\t\t\t<div class=\"elementor-widget-wrap elementor-element-populated\">\n\t\t\t\t\t\t<div class=\"elementor-element elementor-element-b37e874 elementor-widget elementor-widget-text-editor\" data-id=\"b37e874\" data-element_type=\"widget\" data-e-type=\"widget\" data-widget_type=\"text-editor.default\">\n\t\t\t\t<div class=\"elementor-widget-container\">\n\t\t\t\t\t\t\t\t\t<p><strong>Kosten<\/strong><\/p><p>460 CHF inkl. Pausensnacks, ohne Mittagsverpflegung<\/p><p><a href=\"mailto:info@vianima.de\" target=\"_blank\" rel=\"noopener\">Anmeldung per Mail<\/a><\/p>\t\t\t\t\t\t\t\t<\/div>\n\t\t\t\t<\/div>\n\t\t\t\t\t<\/div>\n\t\t<\/div>\n\t\t\t\t\t<\/div>\n\t\t<\/section>\n\t\t\t\t<section class=\"elementor-section elementor-top-section elementor-element elementor-element-25f13d6 elementor-section-boxed elementor-section-height-default elementor-section-height-default\" data-id=\"25f13d6\" data-element_type=\"section\" data-e-type=\"section\">\n\t\t\t\t\t\t<div class=\"elementor-container elementor-column-gap-default\">\n\t\t\t\t\t<div class=\"elementor-column elementor-col-100 elementor-top-column elementor-element elementor-element-a92a188\" data-id=\"a92a188\" data-element_type=\"column\" data-e-type=\"column\">\n\t\t\t<div class=\"elementor-widget-wrap elementor-element-populated\">\n\t\t\t\t\t\t<div class=\"elementor-element elementor-element-c0be575 elementor-widget elementor-widget-spacer\" data-id=\"c0be575\" data-element_type=\"widget\" data-e-type=\"widget\" data-widget_type=\"spacer.default\">\n\t\t\t\t<div class=\"elementor-widget-container\">\n\t\t\t\t\t\t\t<div class=\"elementor-spacer\">\n\t\t\t<div class=\"elementor-spacer-inner\"><\/div>\n\t\t<\/div>\n\t\t\t\t\t\t<\/div>\n\t\t\t\t<\/div>\n\t\t\t\t\t<\/div>\n\t\t<\/div>\n\t\t\t\t\t<\/div>\n\t\t<\/section>\n\t\t\t\t<section class=\"elementor-section elementor-top-section elementor-element elementor-element-d4cbbe0 elementor-section-boxed elementor-section-height-default elementor-section-height-default\" data-id=\"d4cbbe0\" data-element_type=\"section\" data-e-type=\"section\">\n\t\t\t\t\t\t<div class=\"elementor-container elementor-column-gap-default\">\n\t\t\t\t\t<div class=\"elementor-column elementor-col-33 elementor-top-column elementor-element elementor-element-f2a3e9c\" data-id=\"f2a3e9c\" data-element_type=\"column\" data-e-type=\"column\">\n\t\t\t<div class=\"elementor-widget-wrap elementor-element-populated\">\n\t\t\t\t\t\t<div class=\"elementor-element elementor-element-aab9e98 elementor-widget elementor-widget-text-editor\" data-id=\"aab9e98\" data-element_type=\"widget\" data-e-type=\"widget\" data-widget_type=\"text-editor.default\">\n\t\t\t\t<div class=\"elementor-widget-container\">\n\t\t\t\t\t\t\t\t\t<p><strong>Veranstaltungsort<\/strong><\/p>\n<p>Die <a href=\"https:\/\/www.baronenscheune.ch\/\">Baronenscheune Winterthur<\/a> mitten in der Altstadt &amp; Fussg\u00e4ngerzone von Winterthur ist ein Zentrum f\u00fcr integrative Medizin in dem ganzheitlich orientierte (Schul-)Mediziner, mit verschiedensten Therapeuten und Komplement\u00e4r-therapeuten zusammenarbeiten.<\/p>\n<p>Zus\u00e4tzlich zu den einzelnen Praxisr\u00e4umen gibt es zwei grosse Seminar-\/ Veranstaltungsr\u00e4ume f\u00fcr besondere Angebote in dem geschichtstr\u00e4chtigen Bau aus dem 17. Jahrhundert.<\/p><p>F\u00fcr Selbstverpfleger steht eine K\u00fcche mit K\u00fchlschrank, Herd, Backofen zur Verf\u00fcgung. <br><\/p>\n<p>An den Workshoptagen ist jeweils 30 Minuten vor und nach dem Workshop ge\u00f6ffnet.<\/p>\n<p><strong>Adresse\/ Google Maps Link:&nbsp;<\/strong> <a href=\"https:\/\/www.google.ch\/maps\/place\/Integrative+Medizin+Winterthur+Baronenscheune+Gmbh\/@47.4990515,8.729643,17z\/data=!3m1!4b1!4m5!3m4!1s0x479a999ceaafffff:0xefcf4f9964fd5a67!8m2!3d47.4991194!4d8.7318957?hl=de\">Baronenscheune, Badgasse 3, 8400 Winterthur<\/a><\/p>\t\t\t\t\t\t\t\t<\/div>\n\t\t\t\t<\/div>\n\t\t\t\t\t<\/div>\n\t\t<\/div>\n\t\t\t\t<div class=\"elementor-column elementor-col-33 elementor-top-column elementor-element elementor-element-c2b2259\" data-id=\"c2b2259\" data-element_type=\"column\" data-e-type=\"column\">\n\t\t\t<div class=\"elementor-widget-wrap elementor-element-populated\">\n\t\t\t\t\t\t<div class=\"elementor-element elementor-element-66935a0 elementor-widget elementor-widget-text-editor\" data-id=\"66935a0\" data-element_type=\"widget\" data-e-type=\"widget\" data-widget_type=\"text-editor.default\">\n\t\t\t\t<div class=\"elementor-widget-container\">\n\t\t\t\t\t\t\t\t\t<p><strong>Anreise<\/strong><\/p><p>Die Baronenscheune ist 10-15 Gehminuten vom Hauptbahnhof Winterthur oder 3-4 Gehminuten von den Busstationen &#8222;Gewerbeschule&#8220; (Linien 2, 3) bzw. &#8222;Obertor&#8220; (Linien 1, 5, 7) entfernt.<\/p><p>Autos k\u00f6nnen in den Parkh\u00e4usern <a href=\"https:\/\/www.parking.ch\/de\/parkhaus-technikum-nord\">&#8222;Technikum&#8220;<\/a> oder <a href=\"https:\/\/www.parking.ch\/de\/parkings\/winterthur\/parkhaus-axa-winterthur\">&#8222;AXA&#8220;<\/a> (Parkleitsystem folgen) abgestellt werden. \u00d6ffentliche Tarife.<\/p><p>Mit dem Velo kann man \u00fcber Oberer Graben oder Neustadtgasse direkt in die Badgasse vor die Scheune fahren.<\/p><p><strong>Unterkunft<\/strong><\/p><p>Grad um die Ecke bietet das <a href=\"https:\/\/www.hotelloge.ch\/\">HotelKinoBar Loge (3*)<\/a> h\u00fcbsche Zimmer der mittleren Preiskategorie.<\/p><p>Ganz pers\u00f6nlich ist&#8217;s im <a href=\"https:\/\/emma-bb.ch\/\">EMMA Bett &amp; Bistro<\/a>, auch grad um die Ecke.<\/p><p>Etwas luxuri\u00f6ser bettet man sein Haupt im <a href=\"https:\/\/phwin.ch\/\">Parkhotel (4*)<\/a>. Ca. 5 Gehminuten entfernt.<\/p><p>Ein ganz spezieller Tipp f\u00fcr Selbstverpfleger ist das <a href=\"https:\/\/www.bnb.jakobsbrunnen.ch\/\">B&amp;B Villa Umspunnen<\/a> in ca. 15 Gehminuten Entfernung.<\/p><p>Und g\u00fcnstiger l\u00e4sst es sich im <a href=\"https:\/\/www.depot195.ch\/de\/\">Hostel Depot 195<\/a> oder im <a href=\"https:\/\/all.accor.com\/hotel\/6783\/index.de.shtml\">ibis budget<\/a> \u00fcbernachten. Die sind beide etwa 10 Fahrminuten (1x Umsteigen) mit dem Bus entfernt.<\/p>\t\t\t\t\t\t\t\t<\/div>\n\t\t\t\t<\/div>\n\t\t\t\t\t<\/div>\n\t\t<\/div>\n\t\t\t\t<div class=\"elementor-column elementor-col-33 elementor-top-column elementor-element elementor-element-81ff488\" data-id=\"81ff488\" data-element_type=\"column\" data-e-type=\"column\" data-settings=\"{&quot;background_background&quot;:&quot;classic&quot;}\">\n\t\t\t<div class=\"elementor-widget-wrap\">\n\t\t\t\t\t\t\t<\/div>\n\t\t<\/div>\n\t\t\t\t\t<\/div>\n\t\t<\/section>\n\t\t\t\t<section class=\"elementor-section elementor-top-section elementor-element elementor-element-caadd66 elementor-section-boxed elementor-section-height-default elementor-section-height-default\" data-id=\"caadd66\" data-element_type=\"section\" data-e-type=\"section\">\n\t\t\t\t\t\t<div class=\"elementor-container elementor-column-gap-default\">\n\t\t\t\t\t<div class=\"elementor-column elementor-col-100 elementor-top-column elementor-element elementor-element-aa65b38\" data-id=\"aa65b38\" data-element_type=\"column\" data-e-type=\"column\">\n\t\t\t<div class=\"elementor-widget-wrap\">\n\t\t\t\t\t\t\t<\/div>\n\t\t<\/div>\n\t\t\t\t\t<\/div>\n\t\t<\/section>\n\t\t\t\t<\/div>\n\t\t","protected":false},"excerpt":{"rendered":"<p>Workshop zur Wahrnehmung eigener Bed\u00fcrfnisse Unser Workshop richtet sich an Frauen, die ihre eigenen Lebensimpulse, W\u00fcnsche und Bed\u00fcrfnisse wenig wahrnehmen oder immer wieder zur\u00fcckstellen und ihre Aufmerksamkeit stattdessen auf das Wohlergehen der Menschen in ihrem Umfeld ausrichten. Am Wochenende vom 8. &#8211; 10. April 2022 erforschen wir eigene Bed\u00fcrfnisse und gehen Situationen auf den Grund, [&hellip;]<\/p>\n","protected":false},"author":1,"featured_media":0,"parent":548,"menu_order":0,"comment_status":"closed","ping_status":"closed","template":"elementor_theme","meta":{"footnotes":""},"class_list":["post-617","page","type-page","status-publish","hentry"],"_links":{"self":[{"href":"https:\/\/vianima.net\/index.php?rest_route=\/wp\/v2\/pages\/617","targetHints":{"allow":["GET"]}}],"collection":[{"href":"https:\/\/vianima.net\/index.php?rest_route=\/wp\/v2\/pages"}],"about":[{"href":"https:\/\/vianima.net\/index.php?rest_route=\/wp\/v2\/types\/page"}],"author":[{"embeddable":true,"href":"https:\/\/vianima.net\/index.php?rest_route=\/wp\/v2\/users\/1"}],"replies":[{"embeddable":true,"href":"https:\/\/vianima.net\/index.php?rest_route=%2Fwp%2Fv2%2Fcomments&post=617"}],"version-history":[{"count":97,"href":"https:\/\/vianima.net\/index.php?rest_route=\/wp\/v2\/pages\/617\/revisions"}],"predecessor-version":[{"id":1057,"href":"https:\/\/vianima.net\/index.php?rest_route=\/wp\/v2\/pages\/617\/revisions\/1057"}],"up":[{"embeddable":true,"href":"https:\/\/vianima.net\/index.php?rest_route=\/wp\/v2\/pages\/548"}],"wp:attachment":[{"href":"https:\/\/vianima.net\/index.php?rest_route=%2Fwp%2Fv2%2Fmedia&parent=617"}],"curies":[{"name":"wp","href":"https:\/\/api.w.org\/{rel}","templated":true}]}}