{"id":773,"date":"2022-01-28T00:13:03","date_gmt":"2022-01-28T00:13:03","guid":{"rendered":"https:\/\/vianima.net\/?page_id=773"},"modified":"2022-02-02T16:41:21","modified_gmt":"2022-02-02T16:41:21","slug":"aschenputtel-steht-zu-ihrem-weg","status":"publish","type":"page","link":"https:\/\/vianima.net\/?page_id=773","title":{"rendered":"Aschenputtel steht zu ihrem Weg"},"content":{"rendered":"\t\t<div data-elementor-type=\"wp-page\" data-elementor-id=\"773\" class=\"elementor elementor-773\">\n\t\t\t\t\t\t<section class=\"elementor-section elementor-top-section elementor-element elementor-element-59b9309 elementor-section-boxed elementor-section-height-default elementor-section-height-default\" data-id=\"59b9309\" data-element_type=\"section\" data-e-type=\"section\">\n\t\t\t\t\t\t<div class=\"elementor-container elementor-column-gap-default\">\n\t\t\t\t\t<div class=\"elementor-column elementor-col-100 elementor-top-column elementor-element elementor-element-d366257\" data-id=\"d366257\" data-element_type=\"column\" data-e-type=\"column\">\n\t\t\t<div class=\"elementor-widget-wrap elementor-element-populated\">\n\t\t\t\t\t\t<div class=\"elementor-element elementor-element-29247a5 elementor-widget elementor-widget-spacer\" data-id=\"29247a5\" data-element_type=\"widget\" data-e-type=\"widget\" data-widget_type=\"spacer.default\">\n\t\t\t\t<div class=\"elementor-widget-container\">\n\t\t\t\t\t\t\t<div class=\"elementor-spacer\">\n\t\t\t<div class=\"elementor-spacer-inner\"><\/div>\n\t\t<\/div>\n\t\t\t\t\t\t<\/div>\n\t\t\t\t<\/div>\n\t\t\t\t<div class=\"elementor-element elementor-element-d0c790e elementor-widget elementor-widget-heading\" data-id=\"d0c790e\" data-element_type=\"widget\" data-e-type=\"widget\" data-widget_type=\"heading.default\">\n\t\t\t\t<div class=\"elementor-widget-container\">\n\t\t\t\t\t<h4 class=\"elementor-heading-title elementor-size-default\">Workshop zur konstruktiven Konfliktf\u00e4higkeit<\/h4>\t\t\t\t<\/div>\n\t\t\t\t<\/div>\n\t\t\t\t\t<\/div>\n\t\t<\/div>\n\t\t\t\t\t<\/div>\n\t\t<\/section>\n\t\t\t\t<section class=\"elementor-section elementor-top-section elementor-element elementor-element-ecb50e5 elementor-section-boxed elementor-section-height-default elementor-section-height-default\" data-id=\"ecb50e5\" data-element_type=\"section\" data-e-type=\"section\">\n\t\t\t\t\t\t<div class=\"elementor-container elementor-column-gap-default\">\n\t\t\t\t\t<div class=\"elementor-column elementor-col-100 elementor-top-column elementor-element elementor-element-7165130\" data-id=\"7165130\" data-element_type=\"column\" data-e-type=\"column\">\n\t\t\t<div class=\"elementor-widget-wrap elementor-element-populated\">\n\t\t\t\t\t\t<div class=\"elementor-element elementor-element-8f3e8db elementor-widget elementor-widget-spacer\" data-id=\"8f3e8db\" data-element_type=\"widget\" data-e-type=\"widget\" data-widget_type=\"spacer.default\">\n\t\t\t\t<div class=\"elementor-widget-container\">\n\t\t\t\t\t\t\t<div class=\"elementor-spacer\">\n\t\t\t<div class=\"elementor-spacer-inner\"><\/div>\n\t\t<\/div>\n\t\t\t\t\t\t<\/div>\n\t\t\t\t<\/div>\n\t\t\t\t\t<\/div>\n\t\t<\/div>\n\t\t\t\t\t<\/div>\n\t\t<\/section>\n\t\t\t\t<section class=\"elementor-section elementor-top-section elementor-element elementor-element-655981f elementor-section-boxed elementor-section-height-default elementor-section-height-default\" data-id=\"655981f\" data-element_type=\"section\" data-e-type=\"section\">\n\t\t\t\t\t\t<div class=\"elementor-container elementor-column-gap-default\">\n\t\t\t\t\t<div class=\"elementor-column elementor-col-66 elementor-top-column elementor-element elementor-element-167693c\" data-id=\"167693c\" data-element_type=\"column\" data-e-type=\"column\">\n\t\t\t<div class=\"elementor-widget-wrap elementor-element-populated\">\n\t\t\t\t\t\t<div class=\"elementor-element elementor-element-578ebe1 elementor-widget elementor-widget-text-editor\" data-id=\"578ebe1\" data-element_type=\"widget\" data-e-type=\"widget\" data-widget_type=\"text-editor.default\">\n\t\t\t\t<div class=\"elementor-widget-container\">\n\t\t\t\t\t\t\t\t\t<p><strong>Wikipedia sagt: &#8222;Der Begriff der Konfliktf\u00e4higkeit beschreibt die F\u00e4higkeit, eine Auseinandersetzung aufzunehmen, konstruktiv zu bew\u00e4ltigen und nach M\u00f6glichkeit bereits im Vorfeld zu vermeiden. Im Wesentlichen deckt er sich mit dem Begriff der Konfliktbereitschaft. Die Bew\u00e4ltigung von Konflikten impliziert dabei nicht nur die Suche nach einer angemessenen L\u00f6sung, sondern auch das Schaffen einer Basis, die gute Beziehung, Toleranz, Offenheit und\u00a0 den Aufbau einer fairen Streitkultur bef\u00f6rdert.&#8220;<\/strong><\/p><p>Klingt toll, oder?<\/p><p>Nun ja, jetzt kennst du deine Bed\u00fcrfnisse schon sehr genau (<a href=\"https:\/\/vianima.net\/?page_id=617\">Workshop Aschenputtel steigt aus<\/a>), hast schon erste erfolgreiche Situationen hinter dir, in denen du dich abgrenzen konntest <a href=\"https:\/\/vianima.net\/?page_id=554\">(Workshop Aschenputtel findet ihren Weg)<\/a>, aber nun prallen verschiedenste Bed\u00fcrfnisse, Erwartungen und W\u00fcnsche aufeinander. Und du? Ziehst dich zur\u00fcck, gibst doch klein bei oder der Moment explodiert komplett mit hoher Emotionalit\u00e4t und endet mit Verletzungen?<\/p><p>Nebst der Sprache geht&#8217;s auch hier wieder um K\u00f6rper in Beziehung, M\u00f6glichkeiten zum Perspektivenwechsel, innere Distanzierungen und ganz konkreten, praktischen \u00dcbungen z.B. aus der Transaktionsanalyse.\u00a0<\/p><p>Wir empfehlen vorher die im Text genannten Workshops zu besuchen.<\/p><p>Wenn du aber selber schon in deinem Prozess fortgeschritten bist, bist du nat\u00fcrlich auch als Quereinsteigerin bei \u201eAschenputtel geht steht zu Ihrem Weg\u201c herzlich willkommen!<\/p><p><strong>Zur Zeit keine Termine. Lass dich informieren, sobald sich das \u00e4ndert und abonniere unseren Newsletter!<\/strong><\/p>\t\t\t\t\t\t\t\t<\/div>\n\t\t\t\t<\/div>\n\t\t\t\t\t<\/div>\n\t\t<\/div>\n\t\t\t\t<div class=\"elementor-column elementor-col-33 elementor-top-column elementor-element elementor-element-b1e75e3\" data-id=\"b1e75e3\" data-element_type=\"column\" data-e-type=\"column\">\n\t\t\t<div class=\"elementor-widget-wrap\">\n\t\t\t\t\t\t\t<\/div>\n\t\t<\/div>\n\t\t\t\t\t<\/div>\n\t\t<\/section>\n\t\t\t\t<section class=\"elementor-section elementor-top-section elementor-element elementor-element-5b10781 elementor-section-boxed elementor-section-height-default elementor-section-height-default\" data-id=\"5b10781\" data-element_type=\"section\" data-e-type=\"section\">\n\t\t\t\t\t\t<div class=\"elementor-container elementor-column-gap-default\">\n\t\t\t\t\t<div class=\"elementor-column elementor-col-33 elementor-top-column elementor-element elementor-element-b1abf87\" data-id=\"b1abf87\" data-element_type=\"column\" data-e-type=\"column\">\n\t\t\t<div class=\"elementor-widget-wrap\">\n\t\t\t\t\t\t\t<\/div>\n\t\t<\/div>\n\t\t\t\t<div class=\"elementor-column elementor-col-33 elementor-top-column elementor-element elementor-element-73ee867\" data-id=\"73ee867\" data-element_type=\"column\" data-e-type=\"column\">\n\t\t\t<div class=\"elementor-widget-wrap\">\n\t\t\t\t\t\t\t<\/div>\n\t\t<\/div>\n\t\t\t\t<div class=\"elementor-column elementor-col-33 elementor-top-column elementor-element elementor-element-0d84eb6\" data-id=\"0d84eb6\" data-element_type=\"column\" data-e-type=\"column\">\n\t\t\t<div class=\"elementor-widget-wrap\">\n\t\t\t\t\t\t\t<\/div>\n\t\t<\/div>\n\t\t\t\t\t<\/div>\n\t\t<\/section>\n\t\t\t\t<\/div>\n\t\t","protected":false},"excerpt":{"rendered":"<p>Workshop zur konstruktiven Konfliktf\u00e4higkeit Wikipedia sagt: &#8222;Der Begriff der Konfliktf\u00e4higkeit beschreibt die F\u00e4higkeit, eine Auseinandersetzung aufzunehmen, konstruktiv zu bew\u00e4ltigen und nach M\u00f6glichkeit bereits im Vorfeld zu vermeiden. Im Wesentlichen deckt er sich mit dem Begriff der Konfliktbereitschaft. Die Bew\u00e4ltigung von Konflikten impliziert dabei nicht nur die Suche nach einer angemessenen L\u00f6sung, sondern auch das Schaffen [&hellip;]<\/p>\n","protected":false},"author":1,"featured_media":0,"parent":548,"menu_order":0,"comment_status":"closed","ping_status":"closed","template":"elementor_theme","meta":{"footnotes":""},"class_list":["post-773","page","type-page","status-publish","hentry"],"_links":{"self":[{"href":"https:\/\/vianima.net\/index.php?rest_route=\/wp\/v2\/pages\/773","targetHints":{"allow":["GET"]}}],"collection":[{"href":"https:\/\/vianima.net\/index.php?rest_route=\/wp\/v2\/pages"}],"about":[{"href":"https:\/\/vianima.net\/index.php?rest_route=\/wp\/v2\/types\/page"}],"author":[{"embeddable":true,"href":"https:\/\/vianima.net\/index.php?rest_route=\/wp\/v2\/users\/1"}],"replies":[{"embeddable":true,"href":"https:\/\/vianima.net\/index.php?rest_route=%2Fwp%2Fv2%2Fcomments&post=773"}],"version-history":[{"count":20,"href":"https:\/\/vianima.net\/index.php?rest_route=\/wp\/v2\/pages\/773\/revisions"}],"predecessor-version":[{"id":987,"href":"https:\/\/vianima.net\/index.php?rest_route=\/wp\/v2\/pages\/773\/revisions\/987"}],"up":[{"embeddable":true,"href":"https:\/\/vianima.net\/index.php?rest_route=\/wp\/v2\/pages\/548"}],"wp:attachment":[{"href":"https:\/\/vianima.net\/index.php?rest_route=%2Fwp%2Fv2%2Fmedia&parent=773"}],"curies":[{"name":"wp","href":"https:\/\/api.w.org\/{rel}","templated":true}]}}